35293887?
5
What is the thousands digit of 208460571?
0
What is the hundreds digit of 47041640?
6
What is the thousands digit of 528192694?
2
What is the hundred millions digit of 2489797844?
4
What is the thousands digit of 737082958?
2
What is the hundreds digit of 1998285539?
5
What is the hundreds digit of 153236150?
1
What is the ten thousands digit of 1741098260?
9
What is the hundreds digit of 2815113320?
3
What is the millions digit of 1040780588?
0
What is the ten thousands digit of 249389186?
8
What is the ten thousands digit of 335471646?
7
What is the ten thousands digit of 60361631?
6
What is the hundred thousands digit of 17931136?
9
What is the millions digit of 25358072?
5
What is the units digit of 2080864223?
3
What is the units digit of 46701647?
7
What is the hundreds digit of 6410024790?
7
What is the millions digit of 9599793?
9
What is the tens digit of 475658729?
2
What is the hundreds digit of 26620687?
6
What is the millions digit of 1388649809?
8
What is the ten millions digit of 453852300?
5
What is the millions digit of 4069276649?
9
What is the units digit of 22783781?
1
What is the thousands digit of 715521933?
1
What is the ten thousands digit of 325017645?
1
What is the billions digit of 1825872050?
1
What is the tens digit of 3159538296?
9
What is the ten thousands digit of 2152975019?
7
What is the tens digit of 193369975?
7
What is the billions digit of 4380854362?
4
What is the tens digit of 1568724013?
1
What is the units digit of 279780152?
2
What is the tens digit of 1065882699?
9
What is the hundred millions digit of 991569418?
9
What is the hundreds digit of 56427417?
4
What is the thousands digit of 67829287?
9
What is the millions digit of 1544445961?
4
What is the hundred thousands digit of 43248755?
2
What is the hundred millions digit of 246231684?
2
What is the units digit of 829689948?
8
What is the thousands digit of 28757794?
7
What is the units digit of 1362448844?
4
What is the units digit of 53274536?
6
What is the tens digit of 9188941722?
2
What is the hundreds digit of 737863328?
3
What is the thousands digit of 31802792?
2
What is the ten millions digit of 1552772360?
5
What is the hundreds digit of 66048994?
9
What is the hundred thousands digit of 1577193106?
1
What is the hundred millions digit of 1358464031?
3
What is the units digit of 2219040765?
5
What is the millions digit of 1976558572?
6
What is the units digit of 147085177?
7
What is the millions digit of 88924020?
8
What is the tens digit of 68329464?
6
What is the billions digit of 5524443178?
5
What is the thousands digit of 308036848?
6
What is the hundred thousands digit of 29023208?
0
What is the tens digit of 10202043?
4
What is the thousands digit of 249544606?
4
What is the millions digit of 15871890?
5
What is the hundreds digit of 786276377?
3
What is the hundred millions digit of 163910552?
1
What is the units digit of 44300181?
1
What is the hundred millions digit of 575825101?
5
What is the millions digit of 839239612?
9
What is the millions digit of 161947740?
1
What is the billions digit of 1236932894?
1
What is the billions digit of 6202175309?
6
What is the ten thousands digit of 3478080804?
8
What is the thousands digit of 14788483?
8
What is the hundred thousands digit of 516963988?
9
What is the ten millions digit of 48893563?
4
What is the hundred millions digit of 428900072?
4
What is the units digit of 750402527?
7
What is the hundred thousands digit of 323895838?
8
What is the hundreds digit of 98497167?
1
What is the hundreds digit of 6532087027?
0
What is the hundred thousands digit of 19842398?
8
What is the thousands digit of 165281880?
1
What is the ten millions digit of 528455168?
2
What is the millions digit of 170395204?
0
What is the hundreds digit of 339437937?
9
What is the units digit of 4266644621?
1
What is the hundreds digit of 91020495?
4
What is the hundreds digit of 183644401?
4
What is the tens digit of 1031149967?
6
What is the millions digit of 129808218?
9
What is the hundred millions digit of 403260805?
4
What is the millions digit of 2028187479?
8
What is the thousands digit of 2548342981?
2
What is the millions digit of 3981703772?
1
What is the units digit of 13125298?
8
What is the thousands digit of 420616666?
6
What is the thousands digit of 3139315166?
5
What is the thousands digit of 32021231?
1
What is the units digit of 45323408?
8
What is the millions digit of 172328325?
2
What is the billions digit of 1499748040?
1
What is the thousands digit of 181120959?
0
What is the hundreds digit of 372185439?
4
What is the tens digit of 131792946?
4
What is the ten millions digit of 1227864376?
2
What is the thousands digit of 18992175?
2
What is the hundreds digit of 381942968?
9
What is the thousands digit of 2623986000?
6
What is the ten millions digit of 229026019?
2
What is the hundred millions digit of 5289849312?
2
What is the tens digit of 2249186235?
3
What is the units digit of 797202151?
1
What is the ten millions digit of 74553603?
7
What is the units digit of 223340837?
7
What is the ten millions digit of 50262774?
5
What is the hundred thousands digit of 16238335?
2
What is the hundreds digit of 394783246?
2
What is the hundred thousands digit of 335178050?
1
What is the millions digit of 2331659?
2
What is the thousands digit of 60724256?
4
What is the thousands digit of 52459939?
9
What is the millions digit of 50198652?
0
What is the tens digit of 67097699?
9
What is the thousands digit of 146141025?
1
What is the thousands digit of 45527668?
7
What is the hundreds digit of 637050683?
6
What is the millions digit of 35828818?
5
What is the ten millions digit of 6677384022?
7
What is the ten thousands digit of 1585693980?
9
What is the hundreds digit of 439976539?
5
What is the hundreds digit of 394747534?
5
What is the units digit of 28991846?
6
What is the hundred millions digit of 112609656?
1
What is the hundreds digit of 33452852?
8
What is the hundreds digit of 808741721?
7
What is the ten thousands digit of 437969844?
6
What is the units digit of 198889053?
3
What is the ten thousands digit of 203686779?
8
What is the units digit of 95015187?
7
What is the tens digit of 338797648?
4
What is the ten thousands digit of 325148707?
4
What is the ten thousands digit of 32479298?
7
What is the hundreds digit of 389017634?
6
What is the hundred thousands digit of 504166115?
1
What is the ten millions digit of 42223172?
4
What is the ten thousands digit of 65138921?
3
What is the hundred thousands digit of 3111916120?
9
What is the hundred thousands digit of 2278361581?
3
What is the hundreds digit of 6466211?
2
What is the units digit of 431081336?
6
What is the thousands digit of 2745686?
5
What is the hundred millions digit of 259802778?
2
What is the ten thousands digit of 778749656?
4
What is the millions digit of 1423886766?
3
What is the hundred millions digit of 4141112863?
1
What is the ten millions digit of 317312329?
1
What is the hundred millions digit of 145741460?
1
What is the billions digit of 5149424196?
5
What is the millions digit of 8594610833?
4
What is the hundreds digit of 44389087?
0
What is the ten thousands digit of 325372301?
7
What is the units digit of 4659453173?
3
What is the thousands digit of 725307596?
7
What is the thousands digit of 145250650?
0
What is the units digit of 290876307?
7
What is the tens digit of 308641000?
0
What is the hundreds digit of 34948580?
5
What is the hundred thousands digit of 38264889?
2
What is the ten thousands digit of 348820534?
2
What is the millions digit of 304835634?
4
What is the ten millions digit of 110910333?
1
What is the tens digit of 2160431545?
4
What is the hundred millions digit of 327091527?
3
What is the thousands digit of 1554165?
4
What is the units digit of 3262056382?
2
What is the hundred millions digit of 247042505?
2
What is the thousands digit of 1253753?
3
What is the ten thousands digit of 898056967?
5
What is the units digit of 298391752?
2
What is the thousands digit of 155363695?
3
What is the thousands digit of 856817338?
7
What is the ten millions digit of 277568560?
7
What is the millions digit of 23096285?
3
What is the units digit of 111231195?
5
What is the 